 = 8*l**3 + 602*l**2 + 2956*l + 1072. Give q(-70).
-48
Let f(h) = h**2 - 763*h - 38002. Determine f(-47).
68
Let f(v) = 563*v - 2305. Determine f(6).
1073
Let f(t) = 205819*t - 411591. Calculate f(2).
47
Let f(l) = -223*l**2 + 85*l + 16. Determine f(2).
-706
Let k(m) = m**3 - 164*m**2 - 1985*m + 325553. Determine k(164).
13
Let w(k) = -8035*k + 72294. What is w(9)?
-21
Let t(j) = 7*j**2 - 73*j - 2946. What is t(-16)?
14
Let t(x) = 80*x**2 - 499*x - 20. Determine t(8).
1108
Let t(p) = -9*p**3 + 21*p**2 + 2*p - 7. Give t(3).
-55
Let z(l) = -8*l**2 - 390*l - 2691. Give z(-16).
1501
Let y(t) = 609*t + 110252. Determine y(-181).
23
Let x(j) = -4083*j + 19575. Calculate x(5).
-840
Let k(o) = -3842*o - 11532. What is k(-3)?
-6
Let m(g) = -24*g**3 - 189*g - 991. What is m(-5)?
2954
Let f(g) = 165*g + 28059. What is f(-175)?
-816
Let u(l) = l**3 + 64*l**2 + 293*l - 53. Calculate u(-59).
65
Let a(l) = -19*l**2 - 593*l - 183. Determine a(-31).
-59
Let m(i) = 20*i**3 - 80*i**2 + 29737*i - 118951. Give m(4).
-3
Let s(j) = 44*j**3 - 9*j**2 - 1457*j + 4421. Calculate s(3).
1157
Let k(l) = 6313*l + 57029. What is k(-9)?
212
Let c(y) = -103*y + 49626. Determine c(479).
289
Let n(s) = -16487*s - 1467291. What is n(-89)?
52
Let q(a) = -4168*a - 20505. Calculate q(-5).
335
Let z(a) = a**3 + 156*a**2 + 159*a + 432. Calculate z(-155).
-188
Let s(f) = -21*f + 1815. Give s(53).
702
Let y(m) = m**3 - 15*m**2 + 19*m + 59. Determine y(15).
344
Let a(d) = 953*d + 2470. Determine a(-2).
564
Let q(s) = -3*s**3 + 87*s**2 - 645*s + 912. Determine q(18).
-6
Let p(o) = o**3 + 989*o**2 + 7837*o - 10794. Give p(-981).
-3
Let z(j) = 43*j + 2695. Calculate z(-55).
330
Let s(x) = x**3 + 25*x**2 - 556*x + 78763. What is s(-58)?
-1
Let j(s) = -s**3 + 25*s**2 + 149*s - 3545. Determine j(25).
180
Let z(f) = f**3 - 117*f**2 - 12330*f + 407. Calculate z(184).
39
Let u(m) = 293*m + 1144. Determine u(-6).
-614
Let l(p) = -p**3 - 68*p**2 + 89*p - 518. Give l(0).
-518
Let k(v) = 4*v**2 - 10052*v - 470868. Determine k(-46).
-12
Let j(a) = 3*a**3 + 10*a**2 + 2286*a + 6848. Calculate j(-3).
-1
Let r(d) = 606*d**3 + 7889*d**2 + 146*d + 36. Calculate r(-13).
-3
Let q(w) = w**3 - 18*w**2 - 1234*w + 23083. Calculate q(19).
-2
Let z(f) = 4*f**2 - 380*f + 629. What is z(93)?
-115
Let o(s) = -s**3 + 39*s**2 - 336*s + 3. Give o(13).
29
Let n(i) = -1181164*i - 24804445. Calculate n(-21).
-1
Let f(u) = u**3 + 16*u**2 + 179*u - 1020. Calculate f(4).
16
Let v(d) = -2*d**3 + d**2 + 1154*d - 528. Determine v(-24).
0
Let w(y) = 11*y**2 + 4176*y - 71320. Determine w(-396).
-40
Let w(j) = -6*j**3 + 460*j**2 - 459*j + 2. What is w(1)?
-3
Let m(a) = -3*a**3 - 46*a**2 - 102*a + 366. Calculate m(-4).
230
Let u(k) = 847*k - 157614. Give u(186).
-72
Let v(u) = -13613*u + 5908033. Calculate v(434).
-9
Let b(y) = 6*y**2 - 26*y + 16. What is b(11)?
456
Let t(g) = -167*g**2 + 2350*g + 5151. What is t(16)?
-1
Let k(q) = -708*q + 5404. Give k(8).
-260
Let v(a) = -187*a**2 + 246*a + 88. Give v(3).
-857
Let o(z) = 7794*z - 54596. Determine o(7).
-38
Let k(n) = -n**2 + 1237*n - 70629. Calculate k(60).
-9
Let a(i) = 2961*i - 20761. Give a(7).
-34
Let m(f) = -f**2 + 124*f + 196594. Give m(-385).
629
Let z(w) = -305*w**3 - 2792*w**2 + 2584*w + 44. Give z(-10).
4
Let s(u) = 2*u**3 + 9*u**2 + 841*u - 7553. What is s(9)?
2203
Let k(n) = -8*n**3 - 155*n**2 - 724*n - 799. What is k(-13)?
-6
Let q(l) = -31974*l - 318568. What is q(-10)?
1172
Let w(b) = 2*b**2 - 4352*b + 175082. Calculate w(41).
12
Let d(l) = -59*l - 261. Give d(-5).
34
Let v(i) = 687622*i + 1375240. What is v(-2)?
-4
Let m(n) = -21447*n + 17329185. Determine m(808).
9
Let v(b) = b**2 + 70*b - 304581. Give v(518).
3
Let d(l) = 15*l**2 + 8115*l - 24350. Give d(3).
130
Let k(m) = -6*m**3 + 171*m**2 + 270*m + 19. What is k(30)?
19
Let l(u) = -u**2 + 1761*u - 51942. What is l(30)?
-12
Let l(x) = -x**2 - 1046*x - 68314. What is l(-70)?
6
Let v(i) = -2*i**3 - 57*i**2 - 242*i - 429. What is v(-23)?
-682
Let o(z) = 867640*z - 13014587. Determine o(15).
13
Let b(f) = 215*f + 10092. Calculate b(-47).
-13
Let x(l) = -3654*l - 18727. Give x(-5).
-457
Let d(m) = -43*m**2 - 651*m + 31. Determine d(-16).
-561
Let y(a) = -a**3 - 34*a**2 + 733*a + 73. Determine y(15).
43
Let f(g) = -g**2 - 5403*g - 64918. Give f(-12).
-226
Let l(b) = -6439*b - 418533. Determine l(-65).
2
Let i(x) = 53948*x - 863032. Determine i(16).
136
Let y(c) = c**3 - c**2 + 570*c - 1736. Give y(3).
-8
Let v(p) = p**3 + 25*p**2 - 40*p - 1587. Determine v(-24).
-51
Let f(n) = -531*n + 21003. Determine f(40).
-237
Let j(r) = 13*r**2 + 1739*r + 4720. Give j(-131).
4
Let r(v) = 7571*v + 348285. What is r(-46)?
19
Let k(u) = 5*u**3 - 883*u**2 - 2159*u + 1955. Calculate k(179).
-14
Let l(k) = -152*k**2 + 65961*k + 3038. Calculate l(434).
0
Let g(t) = t**3 - 30*t**2 + 178*t - 1345. Determine g(25).
-20
Let g(z) = -z**3 + 38*z**2 - 209*z - 136. What is g(31)?
112
Let v(i) = 75*i - 12840. Calculate v(109).
-4665
Let m(g) = -1861*g + 106071. Give m(57).
-6
Let f(k) = 54*k**2 - 5166*k - 71936. Calculate f(108).
-8
Let j(d) = 3*d**3 + 862*d**2 + 3420*d - 23. What is j(-4)?
-103
Let p(b) = 188*b - 11488. Determine p(61).
-20
Let g(q) = -q**3 - 642*q**2 - 7606*q - 28984. Calculate g(-630).
-4
Let b(k) = 2117*k - 4577. Calculate b(2).
-343
Let i(k) = -4*k**2 - 409*k + 191. Calculate i(-103).
-118
Let d(h) = -8148*h - 6958415. What is d(-854)?
-23
Let f(p) = -2*p**2 + 762*p - 18112. Determine f(356).
-312
Let c(p) = -7653*p + 221692. What is c(29)?
-245
Let y(g) = -22*g**3 - 8*g**2 - 72*g - 165. Determine y(-5).
2745
Let z(m) = -957165*m + 9571653. What is z(10)?
3
Let p(m) = m**3 - 395*m**2 + 34704*m + 3108. What is p(263)?
-48
Let j(d) = 486622*d**2 - 17031770*d + 12. Calculate j(35).
12
Let k(q) = 2*q**2 + 2263*q - 27410. Give k(12).
34
Let z(g) = g**3 - 19*g**2 + 1751*g - 24272. Calculate z(14).
-738
Let u(b) = -8276*b + 74472. What is u(9)?
-12
Let s(b) = 2088*b + 1411482. Calculate s(-676).
-6
Let c(z) = 83*z + 18279. Calculate c(-227).
-562
Let n(k) = -5929*k - 88914. Calculate n(-15).
21
Let v(q) = 7*q**2 + 4357*q + 34843. Calculate v(-8).
435
Let d(a) = -17*a**3 + 5*a**2 - 32*a + 32. Give d(2).
-148
Let k(l) = 2*l**2 + 19*l + 793. Give k(0).
793
Let m(a) = 1489*a - 941037. Calculate m(632).
11
Let n(g) = 85*g**3 - 4500*g**2 - 262*g - 100. What is n(53)?
59
Let y(p) = 9217*p - 1096791. What is y(119)?
32
Let r(o) = -25*o**2 + 6575*o + 54191. Calculate r(-8).
-9
Let x(i) = -2*i**3 - 65*i**2 - 187*i - 2795. Give x(-32).
2165
Let q(p) = p**2 - 849*p + 600. Give q(0).
600
Let b(z) = 2*z**2 + 5382*z - 130342. Calculate b(24).
-22
Let w(z) = -z**3 + 29*z**2 + 177*z - 81. Give w(34).
157
Let r(m) = 2*m**2 + 2287*m - 60845. What is r(26)?
-31
Let j(x) = 172*x**2 + 3682*x - 3682. What is j(1)?
172
Let y(f) = -140*f**2 - 72*f - 225. Calculate y(-3).
-1269
Let b(j) = 3*j**3 - 110*j**2 + 504*j - 1769. Determine b(32).
23
Let d(i) = i**2 - 479*i - 18818. What is d(-37)?
274
Let g(x) = -x**3 - 68*x**2 - 259*x - 28200. Determine g(-70).
-270
Let l(p) = -p**3 - 89*p**2 - 1902*p - 3106. What is l(-56)?
-82
Let s(f) = 8892*f**2 + 124498*f + 44. Give s(-14).
-96
Let a(i) = i**3 + 224*i**2 - 91784*i - 53. What is a(-435)?
-488
Let k(d) = d**3 + 54*d**2 - 575*d - 3089. What is k(-4)?
11
Let r(o) = -23*o**2 + 196*o - 338. Determine r(6).
10
Let i(j) = -j**3 + 261*j**2 + 629*j - 27065. Determine i(263).
24
Let n(d) = -d**2 + 91*d + 87880. What is n(345)?
250
Let n(f) = -f**3 - 15*f**2 - 148*f - 2643. Calculate n(-17).
451
Let y(r) = -2*r**3 + 64*r**2 + 81*r - 476. What is y(33)?
19
Let b(s) = 11*s**2 - 3088*s - 693359. Calculate b(428).
1
Let u(l) = -3028*l + 215005. What is u(71)?
17
Let w(x) = -612*x**3 - 65486*x**2 - 235*x - 2240. Determine w(-107).
7
Let g(n) = 11*n**2 + 1379*n - 795. Calculate g(-126).
87
Let r(q) = -2*q**3 + 13*q**2 - 1270*q + 10332. Give r(8).
-20
Let y(g) = -205*g + 11036. Give y(54).
-34
Let w(n) = -n**3 - 9*n**2 - 11*n - 454. Determine w(-15).
1061
Let i(z) = -8*z**3 + 41*z**2 + 146*z + 340. Determine i(8).
36
Let f(n) = -n**2 - 10987*n - 142686. Determine f(-13).
-24
Let a(r) = -13155*r - 105208. What is a(-8)?
32
Let p(q) = 46*q**2 + 107*q + 195. Determine p(-2).
165
Let h(w) = -200*w**2 - 1609*w - 52. What is h(